*h + 169 = -0*h - n. What is the units digit of h?
3
Let m(q) be the third derivative of -5*q**2 - 5/6*q**3 - 1/24*q**4 + 0*q + 0. What is the units digit of m(-11)?
6
Suppose r - 80 = 5*j + 569, 2*j - 635 = -r. What is the hundreds digit of r?
6
Let d(b) = -2*b**3 + 4*b**2 + 4. Let x be d(-5). Let v be x/4 + (-9)/6. Let m = v + -61. What is the units digit of m?
6
Let b(d) = 62*d - 541. What is the tens digit of b(24)?
4
What is the units digit of 2/11 - (-911)/11?
3
Suppose -4*c + 1550 = n - 0*n, 4*n + 3*c = 6239. What is the thousands digit of n?
1
Suppose -2*c = -3*d - 137, 2*c + d = -2*c + 295. Suppose l = -c + 242. What is the tens digit of l?
6
Let x be (1 + -1)*(-2)/(-12)*6. Suppose -2*j - r + 368 = 3*j, x = j - 4*r - 82. What is the tens digit of j?
7
Let q(j) = 56*j - 11. Let b be q(-9). Let m be b/(-9) + (-4)/18. Let r = m - 34. What is the tens digit of r?
2
Suppose 0*l - 2*m + 138 = 5*l, -l - 2*m = -34. Let f = -29 - l. Let u = 95 + f. What is the units digit of u?
0
Suppose 3*d - 4*r + 20 = 0, -3*r = -3*d - 0 - 18. Let t(s) = -13*s - 7. What is the units digit of t(d)?
5
Let n be (-152)/(-32) - ((-4)/(-2))/(-8). Suppose 1250 = 5*k + 5*f, 3*f - 7*f + 1255 = n*k. What is the tens digit of k?
5
Let r be (4/12)/((-2)/(-294)). Let s = r + 24. What is the units digit of s?
3
Let i = 8832 - 4945. What is the thousands digit of i?
3
Let z(l) = -l**3 - 5*l**2 + 8*l + 7. Let v be z(-5). Let p = 76 + v. What is the tens digit of p?
4
Let j = 6 + -8. Suppose -3 = 4*k - 15. Let l = k - j. What is the units digit of l?
5
Let y = -14 - -14. Suppose y = u - 3 - 0. Suppose u*m - 2*p - 48 - 9 = 0, m = 2*p + 23. What is the tens digit of m?
1
Suppose -4*y = 2*s - 3668, -3*s = 2*y - 3360 - 2138. What is the units digit of s?
2
Let b = -144 - -357. What is the units digit of b?
3
Let h(w) = w**3 + 15*w**2 - 19*w - 9. Suppose -4*q - 20 = -3*k - k, -15 = 2*q - 3*k. Suppose 3*d - 8*d - 80 = q. What is the tens digit of h(d)?
3
Let d = 6 - 2. Suppose 43*k - 102 = 242. Suppose -3*s = d*b - 200, s + s - k = 0. What is the units digit of b?
7
Let u = -6 + -2. Suppose -5*s - 65 = 4*v, 4 + 5 = 3*s. What is the units digit of v/u + 2/(-4)?
2
Let z be (-191)/(-1)*(2 + (-9)/3). Let v = z - -297. What is the units digit of v?
6
Let g(w) be the third derivative of -5*w**4/24 - 4*w**3 - w**2. What is the tens digit of g(-12)?
3
Suppose 1010 = -3*k - 40. Let b = -137 - k. What is the hundreds digit of b?
2
Suppose 4 + 1 = i. Let w(s) = 11*s - 17. What is the tens digit of w(i)?
3
Let l be 1 + (-9)/(-11) + (-4)/(-22). Suppose -j - l*j = -303. What is the hundreds digit of j?
1
Let z(o) = -4*o**2 - 28*o + 8. Let q(n) = n**2 + 7*n - 2. Let g(p) = 9*q(p) + 2*z(p). What is the tens digit of g(6)?
7
Let v(g) = -g**3 - 6*g**2 + 2*g + 8. Let a be v(-6). What is the tens digit of (-115)/(a - ((1 - 1) + -3))?
1
Let l = 47 + -273. What is the tens digit of l/(-14) + (-4)/28?
1
Let x be (-1 + 0)/(-1)*4. Suppose 4*g = -h - x, -h + 2*g - 2 = 5*g. What is the units digit of ((-2)/(-3))/(h/150)?
5
Suppose 3*y - 37 + 13 = 0. Suppose -5*s - 201 = -y*s. What is the tens digit of s?
6
Suppose -2*t = -0*t - 450. What is the hundreds digit of t?
2
Let c = 65 + 196. Suppose 3*b - 33 - c = 0. What is the units digit of b?
8
Suppose 5*u + 4*x = 2*u + 64, 2*x = 5*u - 98. Suppose -v + 7 = -u. What is the units digit of v?
7
Let p = -8 + 7. Let v be (p - (-6)/(-3)) + -2. What is the units digit of 1 - (-15 + (-2 - v))?
3
Let q(r) be the first derivative of r**4/4 - 5*r**3/3 + 2*r**2 + 4*r + 1. Suppose -3*i + 114 = 102. What is the units digit of q(i)?
4
Let p be (-2 + 4)*(-1 - -2). Let b = p - 4. What is the tens digit of b + 0/(-4) + 17?
1
Let k(y) = 2*y**3 - 5*y**2 - 4*y + 14. What is the units digit of k(4)?
6
Let p = -182 - -396. What is the tens digit of p?
1
Let i be 368/80 - (-4)/10. Suppose -15 = -2*r - i, -2*r + 121 = 3*b. What is the tens digit of b?
3
Suppose -23*v + 3396 = -11*v. What is the units digit of v?
3
Suppose u - 2*h = -35 + 5, -4*u = -h + 148. Let q = u - -56. What is the units digit of q/15*15/6?
3
Let l = 9 - 27. Suppose 5*j = -0*s - 2*s + 61, -5*s = 5*j - 55. What is the tens digit of j/(-117) - 236/l?
1
Let f(t) = -t**2 - 2*t - 14. Let i be (-9)/(-6)*(0 - 4). Let q be f(i). Let h = 5 - q. What is the units digit of h?
3
Suppose -2*z - 5 = -1. Let f = z + 25. What is the units digit of f?
3
Let g = -151 - -159. Suppose g*p - 7*p - 352 = 0. What is the units digit of p?
2
Suppose -4 = k + 6. Let c(p) be the first derivative of -p**2/2 + 4*p - 99. What is the tens digit of c(k)?
1
Let a be 546/28*4/(-6). Let r(v) = v + 18. What is the units digit of r(a)?
5
Suppose -285 = 45*b - 48*b. Let w = 235 - b. What is the tens digit of w?
4
Let c(i) = 2*i**2 + 9*i + 13. Let x be c(-6). Suppose -2*j - 6 = 0, -6*j + j + 144 = 3*l. Let g = l - x. What is the tens digit of g?
2
Let v(c) = 2*c**3 - 20*c**2 + 16. Let p be v(10). Suppose 0 = 3*j - 7*j + p. What is the units digit of j?
4
Suppose 4*x - 2094 = 134. What is the tens digit of x?
5
Let u(s) = 7*s**2 - 4*s + 2. Let y(h) = -h**2 - 7*h - 4. Suppose -6 = -3*j + 4*j. Let d be y(j). What is the units digit of u(d)?
2
Let t(d) = -d**2 + 6*d - 1. Let o be t(4). Let u = 10 - o. Suppose u*w - 61 = 3*z + 17, 67 = 2*w + 3*z. What is the units digit of w?
9
Suppose 5*y - 104 - 62 = -2*z, 3*y = -3*z + 96. Suppose 4*n - 34 = -5*i, y - 6 = 5*n - i. What is the units digit of 80/n + 2/3?
4
Suppose 0 = -3*z + 22 - 4. Suppose 0 = -z*m - 0*m + 12. Suppose 5*t - m*t = 111. What is the units digit of t?
7
Let o = 12 + 80. Suppose -r - o = -2*w, -w = -5*w + r + 182. Suppose 5*z + 5*m = w, 6*z = z + 5*m + 35. What is the units digit of z?
8
Suppose 5*n = 2*r + 19, -n + 1 + 1 = -r. Let q(v) = 2*v**3 - v**2 - 4*v + 6. What is the units digit of q(r)?
9
Let z(k) = 7*k**2 - 11*k + 6. Let h(b) = 3*b**2 - 5*b + 3. Let c(p) = -9*h(p) + 4*z(p). Let i be c(0). Let f = i - -12. What is the units digit of f?
9
Let i(d) = 41*d + 1212. What is the hundreds digit of i(0)?
2
Suppose 235*b = 248*b - 45513. What is the units digit of b?
1
Let g(m) = -73*m - 16. What is the tens digit of g(-12)?
6
What is the tens digit of 201 - (-2 + 3)*1?
0
Let m be (-5)/5 + -2 + -3. Let n = m + 205. Suppose 0 = s + 4*p - 17 - 47, -4*s + 3*p + n = 0. What is the units digit of s?
2
What is the tens digit of (-14)/3*3240/(-28)?
4
Let l(a) be the third derivative of 11*a**5/60 - 2*a**3/3 - 6*a**2. Let w be l(-3). Suppose -g - 25 = -q, w = 4*q + 6*g - 5*g. What is the units digit of q?
4
What is the hundreds digit of ((-22)/1)/((-30)/825)?
6
Let o(h) = -90*h + 32. What is the tens digit of o(-16)?
7
Suppose 8*i = -2171 + 13251. What is the hundreds digit of i?
3
Let q(m) = m**3 - 3*m + 1. Let i be q(2). What is the hundreds digit of (-1292)/(-8) - i/(-6)?
1
Let l = -35 - -24. Let b = l + 35. What is the units digit of b?
4
Let v = 11 + -6. Let t = 21 + 19. Suppose -x = v*u - t, -5*x + 294 - 123 = -4*u. What is the tens digit of x?
3
Let q = 663 - 1187. What is the tens digit of 1/(-3)*(q + 2)?
7
Let h(l) = -20*l - 122. What is the tens digit of h(-26)?
9
What is the units digit of 7308/9 - (-2 - 2)?
6
Let g be (-132)/(-18) - 1/3. Suppose -g*q = -11*q + 340. What is the units digit of q?
5
Suppose -2*y = -3*i - 3, -6*y + y - 2*i + 17 = 0. Suppose n + y*n = -2*k - 56, 2*k = -5*n - 60. What is the units digit of (-133)/(-5) + k/(-50)?
7
Let x(t) = -t**2 + 5*t + 1. Let a be x(4). Suppose -a*o = -5 - 0. Suppose 0 = -v + 17 - o. What is the tens digit of v?
1
Let z(m) = m**3 - m**2 - 1. Let f be z(2). Let p(u) = -f*u + 3 - 2*u**2 + 11*u + 2*u**2 + u**2. What is the tens digit of p(-10)?
2
What is the tens digit of 40/200 + (-778)/(-10)?
7
Let v(x) = -x**2 - 5*x + 7. Let c be v(-7). Let z = c + -4. What is the units digit of 4/(-22) - 574/z?
2
Let h(j) = j**3 + 3*j**2 - 4*j + 1. Let r be h(-4). What is the tens digit of (-11)/r*-3*(-35)/(-21)?
5
Suppose -6*n + 2 = -5*n. Suppose -8 = n*p - 14. Suppose -3*o = -p*r - 159, -o - 2*r = -6*o + 268. What is the tens digit of o?
5
Suppose -5*d + 4*j + 54 = -0*d, 0 = -4*d - 5*j + 35. What is the units digit of 10/(-4)*(36/d)/(-1)?
9
Let n be (10/(-4))/(5/(-10)). Suppose 4*h - 3*p = -4, 3*h - 5*p - n + 19 = 0. Suppose 66 = 5*a - h*a. What is the